{"id":89,"date":"2017-08-31T13:41:01","date_gmt":"2017-08-31T10:41:01","guid":{"rendered":"http:\/\/tornionkalamiehet.net\/wordpress\/?page_id=89"},"modified":"2024-06-11T13:31:38","modified_gmt":"2024-06-11T10:31:38","slug":"yhteystiedot","status":"publish","type":"page","link":"http:\/\/tornionkalamiehet.net\/?page_id=89","title":{"rendered":"Yhteystiedot"},"content":{"rendered":"<div id=\"pl-89\"  class=\"panel-layout\" ><div id=\"pg-89-0\"  class=\"panel-grid panel-has-style\" ><div style=\"padding: 0px 0; \" data-overlay=\"true\" data-overlay-color=\"#000000\" class=\"panel-row-style panel-row-style-for-89-0\" ><div id=\"pgc-89-0-0\"  class=\"panel-grid-cell\" ><div id=\"panel-89-0-0-0\" class=\"so-panel widget widget_sow-editor panel-first-child panel-last-child\" data-index=\"0\" ><div style=\"text-align: left;\" data-title-color=\"#443f3f\" data-headings-color=\"#443f3f\" class=\"panel-widget-style panel-widget-style-for-89-0-0-0\" ><div\n\t\t\t\n\t\t\tclass=\"so-widget-sow-editor so-widget-sow-editor-base\"\n\t\t\t\n\t\t>\n<div class=\"siteorigin-widget-tinymce textwidget\">\n\t<p><strong>Puheenjohtaja<\/strong> : Irene Kettunen 040 777 9228<\/p>\n<p><strong>Sihteeri <\/strong>: Hanna-Kaisa Hiula 044 349 2253<\/p>\n<p><strong>Rahastonhoitaja<\/strong> : Maarit Pannimaa 0400 803 553<\/p>\n<\/div>\n<\/div><\/div><\/div><\/div><div id=\"pgc-89-0-1\"  class=\"panel-grid-cell\" ><div id=\"panel-89-0-1-0\" class=\"so-panel widget widget_sow-editor panel-first-child panel-last-child\" data-index=\"1\" ><div style=\"text-align: left;\" data-title-color=\"#443f3f\" data-headings-color=\"#443f3f\" class=\"panel-widget-style panel-widget-style-for-89-0-1-0\" ><div\n\t\t\t\n\t\t\tclass=\"so-widget-sow-editor so-widget-sow-editor-base\"\n\t\t\t\n\t\t>\n<div class=\"siteorigin-widget-tinymce textwidget\">\n\t<div><strong>Hallitus<\/strong><br \/>\nPertti Pirttikoski p. 0400 562 914<\/div>\n<div>Timo Emas p. 0400 464 556<br \/>\nMaarit Pannimaa p. 0400 803553<br \/>\nTero Kolehmainen p. 046 539 0027<br \/>\nTimo Halmkrona p. 0400 514041<\/div>\n<div>Kari Aro p. 044 290 4965<\/div>\n<\/div>\n<\/div><\/div><\/div><\/div><div id=\"pgc-89-0-2\"  class=\"panel-grid-cell\" ><div id=\"panel-89-0-2-0\" class=\"so-panel widget widget_sow-editor panel-first-child panel-last-child\" data-index=\"2\" ><div style=\"text-align: left;\" data-title-color=\"#443f3f\" data-headings-color=\"#443f3f\" class=\"panel-widget-style panel-widget-style-for-89-0-2-0\" ><div\n\t\t\t\n\t\t\tclass=\"so-widget-sow-editor so-widget-sow-editor-base\"\n\t\t\t\n\t\t>\n<div class=\"siteorigin-widget-tinymce textwidget\">\n\t<p><strong>Tiedottaminen<br \/>\n<\/strong>Hanna-Kaisa Hiula p. 044 349 2253<\/p>\n<p><strong>Sivuston yll\u00e4pito<\/strong><br \/>\nheidi.hjulberg@hotmail.com<br \/>\nwebmaster@tornionkalamiehet.net<\/p>\n<p>Mik\u00e4li sinulla on valokuvia, joita haluaisit sivustolle,<br \/>\nvoit l\u00e4hett\u00e4\u00e4 ne sivuston yll\u00e4pidolle.<\/p>\n<\/div>\n<\/div><\/div><\/div><\/div><\/div><\/div><\/div>","protected":false},"excerpt":{"rendered":"<p>Puheenjohtaja : Irene Kettunen 040 777 9228 Sihteeri : Hanna-Kaisa Hiula 044 349 2253 Rahastonhoitaja : Maarit Pannimaa 0400 803 553 Hallitus [&hellip;]<\/p>\n","protected":false},"author":1,"featured_media":0,"parent":0,"menu_order":0,"comment_status":"closed","ping_status":"closed","template":"page-templates\/page_fullwidth.php","meta":{"footnotes":""},"_links":{"self":[{"href":"http:\/\/tornionkalamiehet.net\/index.php?rest_route=\/wp\/v2\/pages\/89"}],"collection":[{"href":"http:\/\/tornionkalamiehet.net\/index.php?rest_route=\/wp\/v2\/pages"}],"about":[{"href":"http:\/\/tornionkalamiehet.net\/index.php?rest_route=\/wp\/v2\/types\/page"}],"author":[{"embeddable":true,"href":"http:\/\/tornionkalamiehet.net\/index.php?rest_route=\/wp\/v2\/users\/1"}],"replies":[{"embeddable":true,"href":"http:\/\/tornionkalamiehet.net\/index.php?rest_route=%2Fwp%2Fv2%2Fcomments&post=89"}],"version-history":[{"count":47,"href":"http:\/\/tornionkalamiehet.net\/index.php?rest_route=\/wp\/v2\/pages\/89\/revisions"}],"predecessor-version":[{"id":317,"href":"http:\/\/tornionkalamiehet.net\/index.php?rest_route=\/wp\/v2\/pages\/89\/revisions\/317"}],"wp:attachment":[{"href":"http:\/\/tornionkalamiehet.net\/index.php?rest_route=%2Fwp%2Fv2%2Fmedia&parent=89"}],"curies":[{"name":"wp","href":"https:\/\/api.w.org\/{rel}","templated":true}]}}